2 - (2 - (3 + -16))?
-9
What is 77 - 73 - (7 + -1)?
-2
(1 - 3) + (2 - -15) - 7
8
Calculate -10 + 11 + -4 + -3.
-6
Evaluate 2 + -2 + (0 - (-2 + 9)).
-7
What is the value of -9 + 0 - (-41 - -27)?
5
What is the value of 0 + -13 - ((-4 - -12) + -11)?
-10
Calculate (-2 - 1) + (-1 - -1).
-3
8 + -8 + -1 + 1 + 0
0
Calculate (-1 - 2) + 9 + -3 + -4.
-1
-1 + -1 + 1 - (11 - 10)
-2
What is -7 + 2 - 6 - 6 - -8?
-9
What is the value of 1 + -7 + 3 - (-6 + -1)?
4
(-8 - -3 - -11) + (0 - 4)
2
Evaluate (3 - 6) + -3 + 11.
5
Calculate (6 - (-1 + 11)) + -1.
-5
4 - -2 - (4 - -10)
-8
What is the value of 1 + (-2 - (-1 + -2))?
2
What is -6 - -6 - (-2 + -3)?
5
Evaluate (0 - -3) + -6 + 0.
-3
Evaluate -5 - (0 - 3 - 4) - -1.
3
Calculate -7 - (11 + -13 - -5).
-10
Evaluate 75 + -64 - (8 + (-1 - 0)).
4
What is the value of 7 + -5 - (2 + -1) - 1?
0
What is -8 - ((5 + -2 - -1) + -7)?
-5
Calculate -12 + 13 + 1 + -8.
-6
Evaluate (-2 - (-5 - 11)) + -5.
9
What is (1 - 5) + (-2 - 1)?
-7
2 + 1 + 1 - (6 + -3)
1
Evaluate -2 - 1 - (-7 - (0 + 0)).
4
Evaluate -2 + (10 - 6) + -1.
1
What is the value of 1 + (8 + -1 + -5 - 8)?
-5
Calculate 0 + -1 + 1 + (0 - 0).
0
Calculate 0 + (9 - -4) + -7.
6
2 + 0 + 2 - (2 + 0)
2
-1 + 4 + -3 + 0 + -3
-3
What is 0 - (-14 + 7 - -5)?
2
What is the value of (10 - 2) + -4 + -7 - -5?
2
Calculate 7 + -11 + 11 + -7.
0
2 + -2 + 2 + (2 - 3)
1
Evaluate 6 - 2 - (2 + -1).
3
29 + -31 - (0 + 3 - 2)
-3
What is -4 - (7 + -15 + 4)?
0
-4 + (-2 - 0 - -9)
3
Calculate 3 + (1 - 5 - (6 - 5)).
-2
What is the value of (4 - 3) + (-1 - 4 - -9)?
5
-15 + 18 + -7 + 2
-2
Calculate 9 + (-10 - (-12 - -5)).
6
Calculate -1 - (-1 + -4) - 9.
-5
Evaluate -49 - -54 - (7 + 0).
-2
Evaluate -1 + (-2 + -3 - -9).
3
-3 + (12 - (5 + 1))
3
What is the value of -27 - -29 - (-4 - (0 + -4))?
2
What is 2 - ((-6 - -2) + (8 - -5))?
-7
What is the value of -2 + -2 + 1 + 3 + -2?
-2
What is the value of 7 + (-4 - (0 + -1))?
4
Calculate -16 - -22 - (1 + -4 - -1).
8
What is the value of -1 - -14 - (-38 - -45)?
6
What is the value of (2 - (2 + 2 + -4)) + 1?
3
What is 2 + (0 - (3 - 2 - -5))?
-4
-1 - ((2 - 7) + (2 - -1))
1
Evaluate 2 + 4 + (0 - 2) + 0.
4
Evaluate -6 + (0 - 4) + (-6 - -11).
-5
10 - (12 + 0) - (-3 - -1)
0
What is the value of 2 + 6 - 18 - -4?
-6
What is -2 - -3 - (8 - 3)?
-4
What is the value of 13 + -4 + -9 - -3?
3
What is the value of (-4 - -1) + (17 - 7) + -4?
3
What is the value of -1 + -3 + 12 + -3?
5
7 + -5 - 1 - (1 - -3)
-3
Calculate (0 + -1 + -1 - -8) + -5.
1
What is 0 - (-3 + 3 + -2) - -1?
3
-7 - (6 - (2 - 1) - 6)
-6
What is (2 - -1) + -17 + 11 + 6?
3
Evaluate -6 + 8 + -7 + 3.
-2
Calculate 3 - (-5 + (12 - 1) + -1).
-2
What is (-1 - -5) + (-2 - 3)?
-1
Calculate -7 + (-9 + 8 - -11).
3
Calculate 5 - ((10 - 4) + -4).
3
Evaluate (-7 - (-3 + 0)) + 5.
1
Calculate -4 + (12 - 4 - (-2 - -2)).
4
Evaluate -3 + 2 - (-7 + 1).
5
Calculate 5 + -12 - (1 + -1) - -8.
1
Calculate -7 + 12 + -8 + -4.
-7
Calculate 10 + (0 - 4) + -5 + -5.
-4
What is the value of -1 + (0 - -3) + 2?
4
What is the value of (-2 - 11) + 33 + -24?
-4
What is the value of (4 + -3 - -3) + -2?
2
What is (-12 - -4 - -4) + (-1 - -1)?
-4
0 + (11 - (16 + -5))
0
-4 - 3 - (4 + -4 - 2)
-5
Calculate -14 + (12 - 5) - -14 - 6.
1
Evaluate -3 - ((-2 - 2) + 0).
1
0 + 4 + -98 + 98
4
What is -24 + 18 - (1 - 1)?
-6
What is the value of 4 - (-4 + 8 - 4)?
4
Calculate 7 - 6 - 1 - (2 + -6).
4
-4 + 2 + 3 + -7 - -1
-5
What is 1 - 0 - (-9 + 20 + -6)?
-4
Calculate -4 - (5 - (5 + 1)).
-3
1 + -4 - (4 - (4 - -11))
8
Calculate -5 - (2 + -6 + 4).
-5
Calculate 20 + -5 - 10 - (16 + -1).
-10
Calculate 1 + -5 + 1 + (5 - 5).
-3
What is the value of -3 + 0 + -1 - (4 + -13)?
5
What is the value of 4 - (5 + -4 - -5)?
-2
What is the value of (13 + 5 - 11) + (-13 - -2)?
-4
Evaluate -2 + 4 + 5 + (-64 - -63).
6
Evaluate (48 - 53) + 8 + -2 + -2.
-1
Evaluate -4 + -2 + 2 + 2.
-2
Evaluate (2 + 5 - 4) + 0.
3
-12 + 5 + 16 + -8
1
What is 10 + -10 + 13 + -2?
11
What is the value of (84 - 93) + (0 - -16)?
7
13 + -6 + -4 - (9 + 1)
-7
What is -14 + (9 - -2) - 6?
-9
124 - 121 - (2 + 0)
1
What is the value of 0 + (-3 - (-3 + -1 + 5))?
-4
What is the value of (7 - -1) + 3 + -4 - 2?
5
What is the value of -3 + -8 + 1 + 3 + 8?
1
What is the value of 0 - (-2 + (6 - 2))?
-2
What is -1 + 0 + -2 + 3?
0
Calculate 3 + -5 + (-1 - 3) + 3.
-3
(-3 - 0 - -1) + 4 + 4
6
Calculate -7 - -5 - (0 - -2).
-4
What is 5 - 7 - (-8 + 9) - 4?
-7
Evaluate -7 + 7 + 0 - -1.
1
What is -5 + 3 + 2 + -5 + 7?
2
4 + -1 + 4 + -3 + 0
4
What is -2 + (-8 - -6 - -5)?
1
Calculate -3 + -8 + 3 + 2.
-6
Calculate (-1 - 0) + (20 - 18) - -4.
5
What is the value of 0 + 5 + -3 + -1?
1
What is 8 - (15 + 1 - 2)?
-6
What is the value of 2 - (3 - 2) - (6 + -1)?
-4
What is the value of 25 + -17 - (4 + 2)?
2
Calculate -1 + (-8 - (0 + -1)) + 1.
-7
What is the value of (-7 - -3 - (1 - 4)) + 6?
5
What is the value of -2 - 10 - -15 - (1 + -5)?
7
Calculate (2 - -2) + -3 - (-4 - -9).
-4
Calculate (-11 - -6) + 18 - 8.
5
Calculate 16 + (-4 - 5) + -7.
0
Calculate -2 + (8 - 0) - 3.
3
-5 + -1 + 0 + (-3 - -5)
-4
-2 - -10 - 0 - (28 + -24)
4
Calculate (6 - 3) + -8 + 3.
-2
(-7 - (-3 - -3) - -12) + 3
8
Calculate -1 - (-13 + 22 - 9).
-1
What is 0 + (6 - (3 - 0))?
3
What is the value of (9 - 4) + -3 + 2?
4
Calculate (19 - 23) + (-1 - -2).
-3
What is -4 - (-5 - 1) - (-1 - -9)?
-6
What is the value of -4 - -4 - (-1 + -3)?
4
Evaluate -13 - (-3 + 4 + -12).
-2
Calculate 7 + 0 - (6 + (-10 - -2)).
9
What is 1 + -1 + 2 + -1?
1
What is the value of -13 + 8 + (2 - -1)?
-2
Evaluate -5 + 3 + 8 - 1 - 3.
2
Calculate (-3 - -1) + -2 + 0.
-4
What is -1 + 5 + (-3 - (1 - 3))?
3
What is the value of -2 - (-5 + (5 - -2))?
-4
What is the value of (92 - 84) + -5 + 0 + 1?
4
-4 + -1 - 0 - -3 - -1
-1
What is 3 + 3 + (1 - 2)?
5
What is 1 + -11 + 18 + 3 + 0?
11
Evaluate 15 + (3 + -16 - -6).
8
What is the value of 4 - (2 + 0 - -1)?
1
Evaluate (3 - (-1 - -3)) + -4 - -8.
5
What is (5 - 0 - 0) + -4?
1
What is the value of 34 - 37 - (-5 + 1)?
1
Calculate (-20 - -22) + 2 + -9.
-5
-20 + -12 + 15 + 6
-11
0 - (-3 + 9 + -4)
-2
2 - (-5 - -1 - -6)
0
What is -17 - -21 - (-1 + 3)?
2
What is the value of -2 + 2 + -6 + 12 - 3?
3
What is 65 + -55 + 1 + -14?
-3
What is (-4 - (3 + -1)) + 7?
1
Calculate 0 - (7 + 2 + -12).
3
-7 + (12 - 2) + 3
6
What is (0 - (3 + -4 - 2)) + -3?
0
What is the value of 4 + -1 + -3 - -2?
2
Calculate 2 + (1 - (4 + 2)) - -7.
4
What is 5 + 1 + 8 + (-4 - 6)?
4
Evaluate 1 - (4 - 6) - (-2 + 7).
-2
(0 - (0 - -1)) + (-2 - -7)
4
Evaluate (2 - -4) + (3 - 4) + -1.
4
8 - (-1 - (5 + -9))
5
Calculate -1 + 1 - (8 + -9 + -3).
4
Evaluate 7 + 3 + -4 + (-6 - 10).
-10
-4 + (-1 - -9) + (-9 - -10)
5
What is the value of (-2 - (2 + -5)) + -3 + -1?
-3
What is the value of 25 - 18 - (6 - -1)?
0
Calculate 4 - (2 + 2 - (4 - -1)).
5
What is the value of -4 + (-1 - -3 - (19 - 20))?
-1
Evaluate 10 + -27 + (20 - 10).
-7
What is the value of -3 - (7 + -10) - (4 + -11)?
7
-5 - (-6 - -2 - (12 + -13))
-2
What is the value of 2 + -1 + -2 - (-2 - -1)?
0
What is -6 + ((-3 - -7) + -1 - -5)?
2
What is the value of (-4 - (7 - 5)) + -6 + 1?
-11
What is -4 + (3 - -1) + 2?
2
-3 + 5 + (-21 - -18)
-1
12 + -9 + (-2 - (3 + 3))
-5
What is the value of -40 - -35 - (0 + -2 - 8)?
5
7 + (2 + -4 - 0)
5
Evaluate 0 + (1 - -5) - 1.
5
Calculate (2 - 6) + 1 + 0.
-3
What is (-1 - (12 + -5)) + 9?
1
What is the value of -6 + 15 - (4 + 1)?
4
What is -1 + 26 + -13 + -4?
8
Calculate (6 - (-3 + (-2 - -7))) + -14.
-10
What is (-4 - -2) + 25 + -20?
3
What is the value of 3 + (2 + -4 - 2) + -2?
-3
Evaluate 1 - 1 - (-3 + 3).
0
What is the value of -1 - (-3 + -1) - 2 - -1?
2
Evaluate -3 + 1 + 3 + 5 + -12.
-6
Evaluate 1 + 0 + -9 + 13.
5
Calculate 10 - 18 - (2 - (6 - -1)).
-3
Calculate (1 - -1) + (-1 - 4) - -2.
-1
-3 - -12 - (20 + -11)
0
Evaluate -5 - (-4 - (7 + -6 - 3)).
-3
What is 5 - (10 + -9 + 1 + 5)?
-2
Evaluate 23 - 25 - (0 - -3).
-5
Calculate -2 + (-3 - -1 - -3) + -4.
-5
What is the value of -5 + (2 - -6) + -7?
-4
What is 11 - (4 + -4) - 6 - 4?
1
What is (-7 - -7) + 1 - (-1 - -2)?
0
Evaluate (0 - -1) + -3 + (4 - -2).
4
-6 + 10 + (-6 - 4)
-6
(-4 - -2) + -8 + 5
-5
Calculate (11 - 7) + -4 - (-2 + -4).
6
Calculate -8 - (-12 + (3 - 0)).
1
Evaluate -4 - (1 - (-3 + 2 + 1)).
-5
What is (-2 - ((-4 - -9) + -2)) + 12?
7
What is the value of 5 + -6 + (-6 - -